*r**2 - 4*r + 15. Let n(u) = 13*m(u) + 2*p(u). What is n(-4)?
5
Let s(y) = 155*y + 35. Let g(n) = 217*n + 49. Let r(v) = 12*g(v) - 17*s(v). Give r(5).
-162
Let v(y) = -7*y**2 - 5*y + 1. Let l(d) = -9*d**2 - 6*d + 2. Let w be 30/21*189/54. Let z(b) = w*v(b) - 4*l(b). Suppose -6 = g - 2*g. Calculate z(g).
27
Suppose 5*m + 8*s = 3*s - 10, m - 2*s - 4 = 0. Let r(u) = -u + 3 + 4*u + m - 2*u. Let g be -19 - -52*2/8. Determine r(g).
-3
Let a(r) be the second derivative of -r**5/20 + 5*r**4/12 + r**3/2 - 7*r**2/2 - 7*r. Suppose -40*w - 38 = -238. Determine a(w).
8
Let i(c) = -4*c - 4. Let b be i(-1). Suppose -5*r + 4*r = -2. Let v(f) = 0*f**2 + 2 + 0 - 3*f**2 + 4*f**r. Give v(b).
2
Suppose 8*l = 3*l - 2*f + 529, -4*f + 218 = 2*l. Suppose l = -11*b - 4*b. Let k(o) = -2*o - 6. Give k(b).
8
Let t = 4361 + -4361. Let p(o) be the second derivative of 1/20*o**5 - 1/3*o**4 - 2/3*o**3 + t + 5/2*o**2 + 7*o. Give p(4).
-11
Suppose -5*q - 4*a + 46 = 0, -21*a = -3*q - 20*a + 48. Let j(v) = -v**2 + 6*v + 119. Calculate j(q).
7
Suppose 0 = -632*q + 645*q + 23517. Let b be q/351 - 2/(-13). Let i(x) = x + 13. What is i(b)?
8
Let b(a) = -15*a**3 - a + 1. Suppose 14*q - 43 = -29*q. Determine b(q).
-15
Let w(c) be the first derivative of 0*c - 3/2*c**2 - 74. Suppose -7 = -h + 4*a + 8, -13 = h + 3*a. Give w(h).
3
Let c be ((-16)/(-6))/(-2)*-435. Let v(l) = -1155*l + l**2 + c*l - 3 + 579*l. What is v(2)?
9
Let a(j) be the first derivative of j**4/4 - 20*j**3/3 + 51*j**2 - 35*j + 9302. What is a(9)?
-8
Let n(w) be the third derivative of -1/120*w**6 + 1/2*w**4 + 22*w**2 + 1/10*w**5 + 0 - w - 1/2*w**3. What is n(8)?
-35
Let s(h) = h**3 - 5*h**2 + 13. Let z = -2166 - -2170. What is s(z)?
-3
Suppose 0*m = m + 11. Let w(o) = -3*o**2 - o + 3. Let d(q) = 64*q - 32*q - 34*q - 14*q**2 + 6*q**2 + 9. Let k(z) = m*w(z) + 4*d(z). Give k(-5).
13
Let a = 51 - 73. Let h = a - 52. Let w = 71 + h. Let o(d) = d**3 - 3*d + 3. Give o(w).
-15
Let j = -423 + 417. Let g(s) = -5*s - 16. Let u be g(j). Let t(k) = -k**2 + 14*k - 14. Determine t(u).
-14
Let h(f) = -f - 35*f**2 + 3*f + 13*f**2 - 1. Let v be 693/66*2/(-9)*3. Let g be (-2)/v + -30*2/(-84). Calculate h(g).
-21
Suppose 2*g + 8 = 2*x, g = 166*x - 162*x - 10. Let h(b) be the first derivative of -1/4*b**4 - 12 + b + 1/2*b**x - 4/3*b**3. Calculate h(-3).
-11
Let z be (-10)/35 - (-8)/28. Suppose -3*j = 2*m + 3, -7*j + 4*j - 9 = z. Suppose a - m = l, 2*a = 4*a + 2*l - 10. Let p(t) = -t**2 + 6*t - 4. Give p(a).
4
Let c(j) = -j**3 - 6*j**2 - 2*j + 2. Let d(o) = o**3 - o**2 + o. Let g(s) = c(s) + 2*d(s). Suppose -101 = -11*f + l, 4*f = 2*l - 4 + 62. What is g(f)?
2
Let p(x) = -62*x**3 + 22*x**2 - 37*x - 35. Let f(o) = 12*o**3 - 4*o**2 + 7*o + 6. Let y(z) = -11*f(z) - 2*p(z). What is y(2)?
-66
Let h(c) = 15*c**3 + c**2 + c - 1. Let b(l) = -47*l**3 + 6*l**2 + 14*l + 8. Let t(q) = b(q) + 3*h(q). Calculate t(6).
-1
Suppose j = -f - 20, 301*f = 303*f + j + 34. Let i(p) = -p**3 - 13*p**2 + 20*p + 18. What is i(f)?
-66
Let f(n) = n**3 + 197405 + 31*n**2 - 3*n**3 - 4*n - 197571. Determine f(15).
-1
Let p = -68 + 74. Let q(c) = 6*c - p*c + c - 3. Suppose 0 = 4*b - 20, -4*a + 5*b + 11 = -0*a. Determine q(a).
6
Suppose -97*q - 240*q + 1269 = -753. Let b(p) = p**3 - 4*p**2 - p - 27. Give b(q).
39
Let c(x) = -57*x**2 + 33*x - 108. Let v(b) = -100*b**2 + 67*b - 216. Let l(i) = 7*c(i) - 4*v(i). Determine l(34).
6
Suppose 20 + 63 = -c. Let g = -80 - c. Let w(l) = 3*l - 2. Calculate w(g).
7
Let t(n) = 91*n + 6. Let z(b) = -79*b - 11. Let l(s) = 5*t(s) + 6*z(s). Determine l(-2).
2
Let u be (-10)/(-35) - 2*4/28. Suppose 13*h + 1 = 12*h, -3*k - 5*h - 20 = u. Let v(n) = -n**3 - 5*n**2 + n + 2. Give v(k).
-3
Let f be 1 + 2 + 3*(-70)/15. Let t = 2 + f. Let a(w) = 2 - 4 + 2 - w - 7. What is a(t)?
2
Let r(t) = t**2 - 5*t - 20. Suppose 2289 = 68*l + 1745. Give r(l).
4
Let d be 14/(-56)*6*(-28)/(-6). Let r(k) = -k**2 - 8*k + 11. Calculate r(d).
18
Let b(z) be the first derivative of 1/3*z**3 + 10*z + 11/2*z**2 + 44. What is b(-10)?
0
Let h(f) = -5*f - 43. Let o be (-98)/42*(-2 + 2 - -3). What is h(o)?
-8
Let i(s) = 2*s**2 + 29*s + 41. Let c be i(-13). Let z(v) = -10 + 9 - 12*v**3 + 2*v**3 + 14*v**2 - 13*v**c. Give z(-1).
10
Let d(l) be the second derivative of -1/6*l**3 + l + 0 + 1/2*l**2. Suppose -143*n - 2311 - 76 = 198*n. What is d(n)?
8
Let f(u) = -2*u**2 + 15*u + 29*u - 52*u - 4. Suppose -3*w = -4*w + c + 1, -4*w - c = -24. Suppose -10 = 3*i + w. What is f(i)?
-14
Let r(f) = 2*f**2 + f + 1. Let z be r(-1). Let y(w) = z + w - 4 - 5 + 8. Let a(j) = j + 2. Let b(x) = -5*a(x) + 6*y(x). Calculate b(-4).
-8
Suppose 139*w + 16*w = 36*w. Let i(b) be the first derivative of -29 + w*b - 2/3*b**3 + b**2. Calculate i(2).
-4
Let a(m) = -896*m + 12574. Let z be a(14). Let t(b) = -b**3 + 33*b**2 - 92*b + 55. Determine t(z).
-5
Let r(h) = -14*h**2 - 55*h - 570. Let v(c) = 5*c**2 + 19*c + 191. Let q(t) = 6*r(t) + 17*v(t). Determine q(17).
-3
Suppose 3*l + 4*m + 27 = 0, 19 = l - 6*l + 2*m. Let n(k) be the second derivative of 2/3*k**3 + 1/12*k**4 - 52*k + 0 - 3*k**2. Give n(l).
-1
Let p(l) = 11*l + 4. Suppose 0 = 46*u - 11*u + 116*u. Give p(u).
4
Let o be ((-4)/(-2))/(-1)*(-9945)/(-170). Let b = o + 125. Let v(y) = y**3 + 2*y - 6 - 8*y**2 + 5*y - 5*y. Determine v(b).
10
Suppose -754 - 3635 = 566*d + 705. Let s(n) be the third derivative of 3/8*n**4 + 0 + 1/120*n**6 + 1/6*n**5 - n**2 + 0*n - 2*n**3. Calculate s(d).
-12
Let k(n) = -n**2 - 9*n + 9. Let f(m) = 5*m + 20. Let l = -42 + 36. Let j be f(l). What is k(j)?
-1
Let g(b) = 5*b**2 + 15*b + 2. Let z be g(-3). Let s(r) = 283*r + 3*r**2 + z - 281*r + r**2. Determine s(-1).
4
Let s(i) = -2*i**2 - 9*i - 2. Suppose 5*k = 711 - 81. Suppose 118*b = k*b + 56. Give s(b).
-37
Let q be ((-4)/8)/(-3 + 143/48). Suppose 29*g = q*g. Let n(j) = g*j - j - 5 + 5. What is n(-4)?
4
Let j(u) be the second derivative of u**7/840 + u**6/360 - u**4/24 + 35*u**3/6 - 8*u - 4. Let a(l) be the second derivative of j(l). Calculate a(-2).
-5
Suppose -3*k = 0, -3*a - 16 = -5*a - k. Suppose b = -3*r + a*r - 50, -2*r - 3*b + 3 = 0. Suppose 30 = r*u - 14*u. Let s(d) = -d**2 - 7*d. Calculate s(u).
6
Suppose -4*o = -y + 16, 1 = o + 6. Let h(r) = -4*r**2 + 2*r - 16. Let b(a) = 3*a**2 - a + 14. Let j(m) = y*h(m) - 5*b(m). Calculate j(7).
22
Let x(m) = -m**3 - 36*m**2 + 120*m + 113. Let z be x(-39). Let d(l) = 17*l + 64. What is d(z)?
-4
Suppose 363*a - 350*a - 78 = 0. Let o(i) be the first derivative of -1/2*i**2 + 1 + 2*i. Determine o(a).
-4
Let h(p) = -p**3 - 5*p**2 + 4*p - 6. Let d = 13 + -13. Suppose 60*n - 62*n - 132 = d. Let a = n + 60. What is h(a)?
6
Let s(c) = -13*c**2 + 3*c + 4. Let b be (-441)/378 - (-1)/6. Calculate s(b).
-12
Suppose 2*w - d - 18 = 0, -5 = -2*d - 1. Let u(k) be the second derivative of -k**3/6 + 7*k**2/2 - 156*k. Give u(w).
-3
Let h(r) be the second derivative of -5*r**3/6 - 43*r**2/2 - 61*r - 4. Calculate h(-5).
-18
Let u = -10 - -13. Suppose u*x + 11 = 29. Suppose -x*f = -11*f - 10. Let o(w) = 7*w + 2. What is o(f)?
-12
Let i(l) = -2*l**2 - 5*l + 2. Suppose 27*v + 15 = 22*v. Let q be v*(17/(-102) - (-22)/12). What is i(q)?
-23
Suppose u + 3*k + 72 = -k, -u - 66 = 2*k. Let n(a) = a**3 - 3*a**2 - 6*a - 4. Let m be n(6). Let z = u + m. Let j(d) = d**2 - 8*d + 5. Calculate j(z).
5
Suppose 4*x = -3*g - 2*g + 33, 3*g - 12 = -5*x. Let k(l) = -22*l**2 + 15*l - 11. Let u(n) = -10*n**2 + 7*n - 4. Let v(q) = g*u(q) - 4*k(q). Determine v(4).
-12
Let m be (-270 + (-1 - 7))*1*-1. Suppose -m = -19*p - 69. Let d(k) = k**3 - 10*k**2 - 12*k + 6. Determine d(p).
-5
Let i(b) = 34*b - 413. Suppose -3*k = -4*s - 20, -3*s + 3 = -9. Calculate i(k).
-5
Let w(v) be the first derivative of 1/2*v**2 + 9*v - 134. What is w(-3)?
6
Let z(y) = y**3 - y**2 + y + 6. Let s(h) = -4*h**3 - 3*h - 17. Let b(u) = s(u) + 3*z(u). Let v be 159/33 + 2/11. Let d = v + -8. Calculate b(d).
1
Let v(p) = -p + 1. Suppose -81*u - 208 = -856. Calculate v(u).
-7
Let g be 192/168*21/6 + (-6)/3. Let a(k) = 21*k + 7. Calculate a(g).
49
Let a be -3*82/12*-2. Let z(t) = -t**2 + 38 - a + 5*t + 0*t. Let n(u) = 4*u**2 + 7*u + 1. Let g be n(-2). Determine z(g).
3
Let r(j) = 114*j**2 + 58*j + 168. Let n(k) = 28*k**2 - k + 3. Let s(o) = 4*n(o) - r(o). Determine s(-28).
12
Let a(s) be the third deriv